pose -c - 3*l + 10 = 0, 15*c - 19*c + 4*l - 8 = 0. What is the highest common factor of 5 and c?
1
Suppose 0 = -p + 4*d + 3 + 4, 5 = 3*p + 4*d. Let o = p + 149. Calculate the greatest common divisor of o and 38.
38
Let q(x) = x**3 + 5. Let z be q(0). Suppose 12 = -4*k, -4*k = -z*n + k + 55. Let v be 60*((-12)/9 + 2). What is the greatest common divisor of n and v?
8
Let x(k) = -4*k**3 + 4*k**2 + 8*k + 27. Let m be x(-3). Calculate the highest common factor of m and 189.
21
Suppose n = 5*g - 322, 4*g + 4*n - 262 + 14 = 0. Let t = 129 - g. Calculate the greatest common divisor of 26 and t.
13
Let c be ((-6)/(-2) + -3)*1. Suppose 3*m = -c*m + 96. Calculate the greatest common divisor of m and 8.
8
Let v be (-2)/4 + 102/4. Let h = v - 25. Suppose h = 4*g + 109 - 901. What is the highest common factor of g and 18?
18
Let d be -2 + (-3)/(9/(-12)). Let j be 3834/(-189) - (4/(-14) - 0). Let u be ((-6)/d)/(3/j). Calculate the highest common divisor of 8 and u.
4
Suppose -a - w - 6 = -2*a, 4*w = a - 12. Let c be (-27)/6*3/((-6)/4). Let f be 0*(-1 - c/(-6)) - -44. Calculate the highest common factor of a and f.
4
Suppose 157 = 4*t + 4*h - 95, -3*t + 2*h + 204 = 0. What is the greatest common divisor of t and 88?
22
Let f = 30 + -29. Let m be (5 + 1)*(f - (-16 + 6)). Calculate the greatest common divisor of 44 and m.
22
Suppose 4*c - 415 = -12*a + 17*a, -3*c + 291 = 3*a. What is the highest common divisor of c and 1050?
50
Let b = 2283 - 2267. Let i be ((-24)/(-30))/(1/180). Calculate the greatest common divisor of b and i.
16
Suppose -4*x - 5*z = -2*x - 37, -x - 4 = -2*z. Suppose 0 = -x*q + 2*q + 20. Calculate the greatest common factor of 40 and q.
5
Let p = -16 - -24. Suppose -4*m = -p*m + 16. Let a(w) = w**3 + 4*w**2 + 4*w + 3. Let x be a(m). Calculate the highest common factor of 21 and x.
21
Let w = -31 + 30. Let y be (w - -3 - -4)*7. What is the greatest common divisor of 7 and y?
7
Let x = 505 + -326. Let s = -124 + x. What is the highest common divisor of s and 22?
11
Let l(y) = 2*y**2 + 2*y - 9. Let t be ((-33)/12 - -4)*-8. Let k be l(t). Suppose v - 3*u = -4*v + k, -u = -3. What is the greatest common factor of 24 and v?
12
Suppose -18*k = -8*k - 1400. What is the greatest common factor of k and 60?
20
Suppose -83 = -3*h + 2302. Suppose 5*u + 300 = h. What is the greatest common factor of 9 and u?
9
Suppose -2*p + 5*k + 59 = 0, k - 220 = -5*p - k. Suppose -29*o + 5573 = 701. Calculate the greatest common factor of p and o.
42
Let h(q) be the third derivative of 47*q**6/120 - q**3/6 - 7*q**2. Let w be h(1). Calculate the greatest common factor of w and 69.
23
Let h = 28 + -16. Suppose 4*t - 3*t + g - 6 = 0, -2*t - 4*g = -18. Suppose i + 52 = t*r, -5*r - i = -4*i - 84. Calculate the greatest common factor of r and h.
6
Suppose 5*j - 3*j = -3*i + 693, 2*i - 5*j - 462 = 0. Suppose -g + 4*g - i = 0. Suppose 4*y = 3*y + 7. Calculate the greatest common divisor of y and g.
7
Suppose 0 = -x - 5*l - 3, 12 = 16*l - 20*l. Calculate the highest common factor of 84 and x.
12
Let o = 32 - 17. Suppose -4*w - 7*g + 24 = -5*g, 0 = -2*g. Calculate the highest common divisor of o and w.
3
Let o(u) = -u**3 - 42*u**2 + 83*u - 50. Let p be o(-44). Calculate the greatest common divisor of p and 306.
34
Suppose 3*o = -h - 0*h + 18, 0 = 3*h - 2*o - 10. Let w(j) = 1 + h*j**2 - 16*j + 17*j - j**3 + 0. Let t be w(6). What is the highest common divisor of 28 and t?
7
Let l be 104/39*150/4. Calculate the greatest common factor of l and 25.
25
Suppose 4*a - 23 = 57. Calculate the greatest common factor of 80 and a.
20
Let i = -761 - -765. Calculate the greatest common divisor of i and 22.
2
Suppose 0*n = -3*p - n + 4, -n = -3*p + 2. Suppose -w + 12 = -p. What is the highest common factor of w and 65?
13
Let b = -272 + 522. Suppose -8 - 8 = -2*g. Suppose g*m - b = 3*m. What is the greatest common divisor of 10 and m?
10
Let s(i) = 94*i**3 - 2*i + 1. Let o be s(1). Let m(c) = -33*c - 4. Let k be m(-2). What is the greatest common factor of k and o?
31
Suppose -a = -0*a - 5. Suppose j + 4 = 1, a*i - 19 = 3*j. Suppose -13 = -5*x + i*g, -x = -4*g - g - 21. What is the greatest common divisor of 6 and x?
1
Let g be 0/(3 - (-12)/(-3)). Suppose 5*n + o + 56 = -g*n, -24 = 2*n + 2*o. Let z(y) = -y + 5. Let t be z(n). What is the greatest common factor of t and 176?
16
Let x(s) = -12*s - 48. Let w be x(-6). Calculate the highest common divisor of 168 and w.
24
Let m(q) = -196*q - 82. Let p be m(-2). Calculate the greatest common divisor of p and 186.
62
Let z = -21 + 15. Let i be (z + (-291)/(-6))*(-8)/(-5). What is the greatest common factor of 170 and i?
34
Let k(g) = g**2 + 4*g - 1. Let u(p) = p - 6. Let n be u(0). Let d be k(n). Suppose -x = 7 - 29. Calculate the highest common divisor of d and x.
11
Let t = 549 + -795. Let l = -169 - t. Calculate the highest common factor of l and 7.
7
Suppose -3*v = -5 - 7. Let g(u) = -2*u**2 - 11*u + 10. Let w be g(-6). Calculate the greatest common factor of w and v.
4
Let b(h) = 10*h. Let q be b(1). Let p = 145 - q. Calculate the greatest common factor of p and 54.
27
Suppose -q + 4 = 0, y - 4*q - 28 = -5. Calculate the highest common factor of 429 and y.
39
Suppose 0 = 3*d - 8*d - 3*p + 7, -3*p = 3. Suppose 22 = -3*y - d. Let b(m) = -m**2 - 10*m - 4. Let u be b(y). What is the greatest common divisor of 12 and u?
12
Let l = 62 - 62. Suppose -b + 178 + 88 = l. What is the greatest common divisor of b and 38?
38
Let f(a) = a**2 - 3*a - 14. Let y be f(-3). Calculate the highest common divisor of 44 and y.
4
Suppose r = 9*r - 128. What is the highest common factor of 36 and r?
4
Suppose 15*q - 290 = 5*q. Suppose 3*v - 19 = q. What is the greatest common divisor of v and 16?
16
Let p(z) = z - 13. Let m be 582/42 - 2/(-14). Let r be p(m). Suppose -5*s = 2*d - 16, d = s - 0*d + r. What is the greatest common factor of 16 and s?
2
Suppose -5*d = j - 5, 22 = -3*d + 4*d - 4*j. Suppose -2*r = d*o - 44, -2*r + 0*r + o + 44 = 0. What is the greatest common divisor of r and 33?
11
Let j = 0 + 9. Suppose 5*k = 269 + 136. What is the greatest common divisor of j and k?
9
Let f(v) = v**3 + 16*v**2 - 19*v - 3. Let i be f(-16). What is the highest common factor of 430 and i?
43
Let v(p) = p**3 + 8*p**2 - 13*p - 3. Let t be v(-9). Let l(y) = -3*y + 22. Let j be l(0). What is the highest common factor of j and t?
11
Suppose 12 = 7*i - 16. Let h = 40 - i. Calculate the highest common divisor of h and 18.
18
Let b(w) = w**3 + 16*w**2 + 14*w - 6. Suppose 3*h + 60 = 3*v + 2*v, 3*v = 9. Let q be b(h). What is the highest common factor of q and 1?
1
Suppose -20 = 5*l, -k - 32 = -3*l + 5*l. Let p = k + 33. Calculate the highest common divisor of 99 and p.
9
Suppose -31 - 305 = -21*g. What is the greatest common factor of g and 176?
16
Let j(h) = h + 60. Let o be j(0). Suppose 2*f - 121 = -3*v, -v - 4*v + 180 = 3*f. Suppose 5*k - 55 = f. Calculate the highest common divisor of k and o.
12
Let l(d) = 35*d + 353. Let h be l(-10). What is the greatest common divisor of h and 69?
3
Let s be 560/(-6)*((-66)/(-10) + -9). Calculate the highest common divisor of s and 96.
32
Let j = 4611 + -2796. What is the highest common divisor of 15 and j?
15
Let m = -6 + 15. Let x be (3 - 30/m)*-15. Suppose -x*a + 105 = 6*t - t, 4*a - 77 = 3*t. Calculate the greatest common factor of a and 50.
10
Suppose 7 = -2*z + 55. Suppose -a = -26*d + 24*d + 19, -2*d + 3*a + 9 = 0. What is the highest common divisor of d and z?
12
Let i(p) = -5*p + 2. Let m be i(-5). Let r be 852/142 + 2/(-2)*3. What is the highest common divisor of m and r?
3
Let w be 0/(48/8) - -852. What is the highest common divisor of 710 and w?
142
Let g(v) = -6*v + 2. Let c be g(-7). Let a be c/8 - 5 - 197/(-2). What is the highest common divisor of a and 11?
11
Let t = -91 + 142. Suppose -4*h = o - 10 - 99, -12 = -2*h. What is the highest common divisor of t and o?
17
Suppose 18*b - 646 = -16*b. Suppose -6 = -2*r + 32. What is the highest common factor of r and b?
19
Suppose 72*p - 79*p + 378 = 0. Calculate the highest common divisor of p and 4.
2
Let k be 6 - (1 + 0 + -1). Let b = 14 - k. Suppose 0*g + 2013 = 134*g - 6563. Calculate the highest common factor of b and g.
8
Let t be ((-2)/4)/((-2)/36). Let o be 10776/(-180)